{"id":82,"date":"2013-08-25T18:31:03","date_gmt":"2013-08-25T16:31:03","guid":{"rendered":"http:\/\/1028.gvs.arnes.si\/blog\/?page_id=82"},"modified":"2025-12-30T13:46:27","modified_gmt":"2025-12-30T12:46:27","slug":"prijava-in-vpis","status":"publish","type":"page","link":"https:\/\/www.vss-sezana.si\/?page_id=82","title":{"rendered":"Prijava in vpis"},"content":{"rendered":"<div class=\"flex_column av_one_third  flex_column_div first  avia-builder-el-0  el_before_av_two_third  avia-builder-el-first  \" ><div class='avia-image-container  av-styling-    avia-builder-el-1  avia-builder-el-no-sibling  avia-align-center '  itemprop=\"image\" itemscope=\"itemscope\" itemtype=\"https:\/\/schema.org\/ImageObject\"  ><div class='avia-image-container-inner'><div class='avia-image-overlay-wrap'><img data-recalc-dims=\"1\" class='avia_image' src=\"https:\/\/i0.wp.com\/vss-sezana.si\/wp-content\/uploads\/2013\/08\/Polona_IpavecIMG_0569.jpg?w=1500&#038;ssl=1\" alt='Polona Ipavec' title='Polona Ipavec'   itemprop=\"thumbnailUrl\"  \/><\/div><\/div><\/div><\/div>\n<div class=\"flex_column av_two_third  flex_column_div av-zero-column-padding   avia-builder-el-2  el_after_av_one_third  avia-builder-el-last  \" style='border-radius:0px; '><section class=\"av_textblock_section \"  itemscope=\"itemscope\" itemtype=\"https:\/\/schema.org\/CreativeWork\" ><div class='avia_textblock  '   itemprop=\"text\" ><h2><b>PRIJAVA IN VPIS<\/b><\/h2>\n<h3 style=\"font-weight: 400;\"><strong>VPISNA MESTA ZA \u0160TUDIJSKO LETO 2026\/2027<\/strong><\/h3>\n<table style=\"font-weight: 400;\" width=\"666\">\n<tbody>\n<tr>\n<td rowspan=\"2\" width=\"196\">Program<\/td>\n<td colspan=\"2\" width=\"213\">Skupna vpisna mesta<\/td>\n<td colspan=\"2\" width=\"205\">Dodatna vpisna mesta<\/td>\n<\/tr>\n<tr>\n<td width=\"107\">redni<\/td>\n<td width=\"107\">izredni<\/td>\n<td width=\"102\">redni<\/td>\n<td width=\"102\">izredni<\/td>\n<\/tr>\n<tr>\n<td width=\"196\">Oblikovanje materialov<\/td>\n<td width=\"107\">30<\/td>\n<td width=\"107\">15<\/td>\n<td width=\"102\">1<\/td>\n<td width=\"102\">7<\/td>\n<\/tr>\n<tr>\n<td width=\"196\">Fotografija<\/td>\n<td width=\"107\">60<\/td>\n<td width=\"107\">45<\/td>\n<td width=\"102\">2<\/td>\n<td width=\"102\">15<\/td>\n<\/tr>\n<\/tbody>\n<\/table>\n<ol>\n<li style=\"font-weight: 400;\"><strong> PRIJAVA (prijava v spomladanskem roku)<\/strong><\/li>\n<\/ol>\n<p style=\"font-weight: 400;\">Rok za prvo prijavo k vpisu je od\u00a0<strong>18. februarja do 18. marca 2026<\/strong>. Prijave sprejema izklju\u010dno Vi\u0161je\u0161olska prijavna slu\u017eba v Celju.<\/p>\n<p style=\"font-weight: 400;\">Prijava je mo\u017ena do 18. marca, z leto\u0161njim letom le v elektronski obliki, in sicer z e-prijavo na spletni strani\u00a0<a href=\"https:\/\/skupnost-vss.us4.list-manage.com\/track\/click?u=844c59d230d1e3d55358ef235&amp;id=b580fa9b63&amp;e=de94225a63\"><strong>TUKAJ<\/strong><\/a>.\u00a0Za izpolnjevanje prijave kandidat potrebuje\u00a0elektronski naslov, kamor bo po zaklju\u010denem izpolnjevanju prijave poslan izpolnjen obrazec v obliki PDF dokumenta.\u00a0<strong>Prijavo za vpis lahko kandidat odda z eno od elektronskih identitet<\/strong>\u00a0(digitalno potrdilo, AAI-ra\u010dun, e-osebna izkaznica ali smsPASS)\u00a0ali\u00a0z uporabni\u0161kim imenom in geslom.<\/p>\n<p style=\"font-weight: 400;\">Preizkus posebne nadarjenosti, ki je pogoj za vpis, bo organiziran med <strong>22. junijem in 30. junijem<\/strong> <strong>2026<\/strong>. Ob pristopu k zagovoru mora kandidat predlo\u017eiti predstavitveno mapo, pripravljeno v skladu z navodili, in osebni dokument s fotografijo. \u0160ola bo kandidate o natan\u010dnem datumu zagovora obvestila po po\u0161ti in preko spletne strani najkasneje <strong>do 12. junija 2026<\/strong>.<br \/>\nKandidati, ki bodo izpolnili vse vpisne pogoje, bodo <strong>do 22. julija<\/strong> po po\u0161ti prejeli vabilo na vpis. Kandidati, ki bodo opravili preizkus posebne nadarjenosti, a ne bodo izpolnjevali drugih vpisnih pogojev, bodo po po\u0161ti prejeli potrdilo o opravljenem preizkusu.<br \/>\nVpis sprejetih kandidatov bo potekal <strong>med 11. in 14. avgustom 2026<\/strong>. Natan\u010den termin vpisa bo naveden v vabilu na vpis.<\/p>\n<ol start=\"2\">\n<li style=\"font-weight: 400;\"><strong> PRIJAVA (prijava v jesenskem roku)<\/strong><\/li>\n<\/ol>\n<p style=\"font-weight: 400;\">Na spletnih straneh \u0161ole in Vi\u0161je\u0161olske prijavne slu\u017ebe bodo podatki o \u0161e prostih mestih objavljeni 20. avgusta 2026. Rok za drugo prijavo k vpisu je\u00a0<strong>od 21. do 27. avgust 2026<\/strong>. Prijave sprejema izklju\u010dno Vi\u0161je\u0161olska prijavna slu\u017eba v Celju.<\/p>\n<p style=\"font-weight: 400;\">Prijava je mo\u017ena do\u00a027. avgusta, z leto\u0161njim letom le v elektronski obliki,\u00a0in sicer z e-prijavo na spletni strani\u00a0<a href=\"https:\/\/skupnost-vss.us4.list-manage.com\/track\/click?u=844c59d230d1e3d55358ef235&amp;id=b580fa9b63&amp;e=de94225a63\"><strong>TUKAJ<\/strong><\/a>.<br \/>\nZa izpolnjevanje prijave kandidat potrebuje\u00a0elektronski naslov, kamor bo po zaklju\u010denem izpolnjevanju prijave poslan izpolnjen obrazec v obliki PDF dokumenta.\u00a0<strong>Prijavo za vpis lahko kandidat odda z eno od elektronskih identitet<\/strong>\u00a0(digitalno potrdilo, AAI-ra\u010dun, e-osebna izkaznica ali smsPASS)\u00a0ali\u00a0z uporabni\u0161kim imenom in geslom.<\/p>\n<p style=\"font-weight: 400;\">Preizkus posebne nadarjenosti, ki je pogoj za vpis, bo organiziran med <strong>7. in 10. septembrom 2026<\/strong>. Ob pristopu k zagovoru mora kandidat predlo\u017eiti predstavitveno mapo, pripravljeno v skladu z navodili, in osebni dokument s fotografijo. \u0160ola bo kandidate o natan\u010dnem datumu zagovora obvestila preko spletne strani, po navadni in elektronski po\u0161ti (v kolikor bo slednjo kandidat navedel v prijavnem obrazcu) <strong>do 4. septembra 2026<\/strong>.<br \/>\nKandidati, ki bodo izpolnili vse vpisne pogoje, bodo po opravljenem zagovoru prejeli vabilo na vpis. Kandidati, ki bodo opravili preizkus posebne nadarjenosti, a ne bodo izpolnjevali drugih vpisnih pogojev, bodo prejeli potrdilo o opravljenem preizkusu naknadno po po\u0161ti.<br \/>\nVpis sprejetih kandidatov bo potekal med <strong>16. septembrom in 30. septembrom 2026<\/strong>. Natan\u010den termin vpisa bo naveden v vabilu na vpis.<\/p>\n<p style=\"font-weight: 400;\">Temu razporedu so prilagojeni tudi informativni dnevi:<\/p>\n<p style=\"font-weight: 400;\"><strong>Informativni dnevi za vpis v \u0161tudijsko leto 2026\/2027<\/strong><\/p>\n<ul>\n<li>petek,<strong> 13. februarja 2026 <\/strong>(ob 10. uri in ob 16. uri)<\/li>\n<li>soboto,<strong> 14. februarja 2026 <\/strong>(ob 10. uri)<\/li>\n<li>petek, <strong>13. marca 2026 <\/strong>(ob 16. uri)<\/li>\n<li>ponedeljek,\u00a0<strong>17. avgust 2026 <\/strong>(ob 16. uri)<\/li>\n<\/ul>\n<p style=\"font-weight: 400;\">na lokaciji \u0161ole, Kra\u0161ka ulica 2 (inkubator Se\u017eana) v Se\u017eani.<\/p>\n<p style=\"font-weight: 400;\">Ob predhodni najavi (<a href=\"mailto:info@vss-sezana.si\">info@vss-sezana.si<\/a>), lahko pridete na ogled vsak dan. Z veseljem vas bomo sprejeli in razkazali \u0161olo.<\/p>\n<\/div><\/section><\/div>\n","protected":false},"excerpt":{"rendered":"","protected":false},"author":2,"featured_media":0,"parent":2,"menu_order":40,"comment_status":"open","ping_status":"closed","template":"","meta":{"footnotes":""},"class_list":["post-82","page","type-page","status-publish","hentry"],"aioseo_notices":[],"jetpack_sharing_enabled":true,"jetpack_shortlink":"https:\/\/wp.me\/P6N9ot-1k","jetpack-related-posts":[],"_links":{"self":[{"href":"https:\/\/www.vss-sezana.si\/index.php?rest_route=\/wp\/v2\/pages\/82","targetHints":{"allow":["GET"]}}],"collection":[{"href":"https:\/\/www.vss-sezana.si\/index.php?rest_route=\/wp\/v2\/pages"}],"about":[{"href":"https:\/\/www.vss-sezana.si\/index.php?rest_route=\/wp\/v2\/types\/page"}],"author":[{"embeddable":true,"href":"https:\/\/www.vss-sezana.si\/index.php?rest_route=\/wp\/v2\/users\/2"}],"replies":[{"embeddable":true,"href":"https:\/\/www.vss-sezana.si\/index.php?rest_route=%2Fwp%2Fv2%2Fcomments&post=82"}],"version-history":[{"count":60,"href":"https:\/\/www.vss-sezana.si\/index.php?rest_route=\/wp\/v2\/pages\/82\/revisions"}],"predecessor-version":[{"id":11196,"href":"https:\/\/www.vss-sezana.si\/index.php?rest_route=\/wp\/v2\/pages\/82\/revisions\/11196"}],"up":[{"embeddable":true,"href":"https:\/\/www.vss-sezana.si\/index.php?rest_route=\/wp\/v2\/pages\/2"}],"wp:attachment":[{"href":"https:\/\/www.vss-sezana.si\/index.php?rest_route=%2Fwp%2Fv2%2Fmedia&parent=82"}],"curies":[{"name":"wp","href":"https:\/\/api.w.org\/{rel}","templated":true}]}}