{"id":65,"date":"2013-08-25T18:20:43","date_gmt":"2013-08-25T16:20:43","guid":{"rendered":"http:\/\/1028.gvs.arnes.si\/blog\/?page_id=65"},"modified":"2013-09-25T20:45:28","modified_gmt":"2013-09-25T18:45:28","slug":"galerija","status":"publish","type":"page","link":"https:\/\/www.vss-sezana.si\/?page_id=65","title":{"rendered":"Galerija"},"content":{"rendered":"<div class=\"flex_column av_one_full  flex_column_div first  avia-builder-el-0  avia-builder-el-no-sibling  \" ><div class=' grid-sort-container isotope   no_margin-container with-excerpt-container grid-total-odd grid-col-3 grid-links-' data-portfolio-id='1'><div data-ajax-id='689' class=' grid-entry flex_column isotope-item all_sort no_margin post-entry post-entry-689 grid-entry-overview grid-loop-1 grid-parity-odd  tok_sort  av_one_third first default_av_fullwidth '><article class='main_color inner-entry'  itemscope=\"itemscope\" itemtype=\"https:\/\/schema.org\/CreativeWork\" ><a href='https:\/\/www.vss-sezana.si\/?portfolio=tok' title='TOK'  data-rel='grid-1' class='grid-image avia-hover-fx'><img loading=\"lazy\" decoding=\"async\" width=\"495\" height=\"400\" src=\"https:\/\/i0.wp.com\/www.vss-sezana.si\/wp-content\/uploads\/2013\/09\/Matej_Grizon_11-12_Svara-2.jpg?resize=495%2C400&amp;ssl=1\" class=\"attachment-portfolio size-portfolio wp-post-image\" alt=\"Matej Grizon. \u0160ol.l. 2011\/12\" srcset=\"https:\/\/i0.wp.com\/www.vss-sezana.si\/wp-content\/uploads\/2013\/09\/Matej_Grizon_11-12_Svara-2.jpg?resize=495%2C400&amp;ssl=1 495w, https:\/\/i0.wp.com\/www.vss-sezana.si\/wp-content\/uploads\/2013\/09\/Matej_Grizon_11-12_Svara-2.jpg?resize=710%2C575&amp;ssl=1 710w, https:\/\/i0.wp.com\/www.vss-sezana.si\/wp-content\/uploads\/2013\/09\/Matej_Grizon_11-12_Svara-2.jpg?zoom=2&amp;resize=495%2C400&amp;ssl=1 990w\" sizes=\"auto, (max-width: 495px) 100vw, 495px\" data-attachment-id=\"1042\" data-permalink=\"https:\/\/www.vss-sezana.si\/?attachment_id=1042\" data-orig-file=\"https:\/\/i0.wp.com\/www.vss-sezana.si\/wp-content\/uploads\/2013\/09\/Matej_Grizon_11-12_Svara-2.jpg?fit=1100%2C733&amp;ssl=1\" data-orig-size=\"1100,733\" data-comments-opened=\"1\" data-image-meta=\"{&quot;aperture&quot;:&quot;0&quot;,&quot;credit&quot;:&quot;&quot;,&quot;camera&quot;:&quot;&quot;,&quot;caption&quot;:&quot;&quot;,&quot;created_timestamp&quot;:&quot;0&quot;,&quot;copyright&quot;:&quot;&quot;,&quot;focal_length&quot;:&quot;0&quot;,&quot;iso&quot;:&quot;0&quot;,&quot;shutter_speed&quot;:&quot;0&quot;,&quot;title&quot;:&quot;&quot;}\" data-image-title=\"Matej Grizon. \u0160ol.l. 2011\/12\" data-image-description=\"&lt;p&gt;Matej Grizon. \u0160ol.l. 2011\/12&lt;\/p&gt;\n\" data-image-caption=\"&lt;p&gt;Matej Grizon. \u0160ol.l. 2011\/12&lt;\/p&gt;\n\" data-large-file=\"https:\/\/i0.wp.com\/www.vss-sezana.si\/wp-content\/uploads\/2013\/09\/Matej_Grizon_11-12_Svara-2.jpg?fit=1030%2C686&amp;ssl=1\" \/><\/a><div class='grid-content'><div class='avia-arrow'><\/div><header class=\"entry-content-header\"><h3 class='grid-entry-title entry-title'  itemprop=\"headline\" ><a href='https:\/\/www.vss-sezana.si\/?portfolio=tok' title='TOK'>TOK<\/a><\/h3><\/header><div class='grid-entry-excerpt entry-content'  itemprop=\"text\" >Tehnologije obdelave kamna<\/div><\/div><footer class=\"entry-footer\"><\/footer><\/article><\/div><div data-ajax-id='693' class=' grid-entry flex_column isotope-item all_sort no_margin post-entry post-entry-693 grid-entry-overview grid-loop-2 grid-parity-even  rpo_sort  av_one_third  default_av_fullwidth '><article class='main_color inner-entry'  itemscope=\"itemscope\" itemtype=\"https:\/\/schema.org\/CreativeWork\" ><a href='https:\/\/www.vss-sezana.si\/?portfolio=rpo' title='RPO'  data-rel='grid-1' class='grid-image avia-hover-fx'><img loading=\"lazy\" decoding=\"async\" width=\"495\" height=\"400\" src=\"https:\/\/i0.wp.com\/www.vss-sezana.si\/wp-content\/uploads\/2013\/09\/Bostjan_Bensa_Prstan21.jpg?resize=495%2C400&amp;ssl=1\" class=\"attachment-portfolio size-portfolio wp-post-image\" alt=\"Bo\u0161tjan Bensa. Prstan.\" srcset=\"https:\/\/i0.wp.com\/www.vss-sezana.si\/wp-content\/uploads\/2013\/09\/Bostjan_Bensa_Prstan21.jpg?resize=495%2C400&amp;ssl=1 495w, https:\/\/i0.wp.com\/www.vss-sezana.si\/wp-content\/uploads\/2013\/09\/Bostjan_Bensa_Prstan21.jpg?resize=710%2C575&amp;ssl=1 710w\" sizes=\"auto, (max-width: 495px) 100vw, 495px\" data-attachment-id=\"1358\" data-permalink=\"https:\/\/www.vss-sezana.si\/?attachment_id=1358\" data-orig-file=\"https:\/\/i0.wp.com\/www.vss-sezana.si\/wp-content\/uploads\/2013\/09\/Bostjan_Bensa_Prstan21.jpg?fit=800%2C800&amp;ssl=1\" data-orig-size=\"800,800\" data-comments-opened=\"1\" data-image-meta=\"{&quot;aperture&quot;:&quot;0&quot;,&quot;credit&quot;:&quot;&quot;,&quot;camera&quot;:&quot;&quot;,&quot;caption&quot;:&quot;&quot;,&quot;created_timestamp&quot;:&quot;0&quot;,&quot;copyright&quot;:&quot;&quot;,&quot;focal_length&quot;:&quot;0&quot;,&quot;iso&quot;:&quot;0&quot;,&quot;shutter_speed&quot;:&quot;0&quot;,&quot;title&quot;:&quot;&quot;}\" data-image-title=\"Bo\u0161tjan Bensa. Prstan.\" data-image-description=\"\" data-image-caption=\"&lt;p&gt;Bo\u0161tjan Bensa. Prstan.&lt;\/p&gt;\n\" data-large-file=\"https:\/\/i0.wp.com\/www.vss-sezana.si\/wp-content\/uploads\/2013\/09\/Bostjan_Bensa_Prstan21.jpg?fit=800%2C800&amp;ssl=1\" \/><\/a><div class='grid-content'><div class='avia-arrow'><\/div><header class=\"entry-content-header\"><h3 class='grid-entry-title entry-title'  itemprop=\"headline\" ><a href='https:\/\/www.vss-sezana.si\/?portfolio=rpo' title='RPO'>RPO<\/a><\/h3><\/header><div class='grid-entry-excerpt entry-content'  itemprop=\"text\" >Ra\u010dunalni\u0161ka podpora oblikovanju<\/div><\/div><footer class=\"entry-footer\"><\/footer><\/article><\/div><div data-ajax-id='692' class=' grid-entry flex_column isotope-item all_sort no_margin post-entry post-entry-692 grid-entry-overview grid-loop-3 grid-parity-odd  pok_sort  av_one_third  default_av_fullwidth '><article class='main_color inner-entry'  itemscope=\"itemscope\" itemtype=\"https:\/\/schema.org\/CreativeWork\" ><a href='https:\/\/www.vss-sezana.si\/?portfolio=pok' title='POK'  data-rel='grid-1' class='grid-image avia-hover-fx'><img loading=\"lazy\" decoding=\"async\" width=\"495\" height=\"400\" src=\"https:\/\/i0.wp.com\/www.vss-sezana.si\/wp-content\/uploads\/2013\/09\/04_Jaspis_-Brusila-Polona-Tercon_mentor-Miha-Jersek-foto-Miha-Jersek.jpg?resize=495%2C400&amp;ssl=1\" class=\"attachment-portfolio size-portfolio wp-post-image\" alt=\"Jaspis. Brusila Polona Tercon. Fotografija: Miha Jer\u0161ek.\" srcset=\"https:\/\/i0.wp.com\/www.vss-sezana.si\/wp-content\/uploads\/2013\/09\/04_Jaspis_-Brusila-Polona-Tercon_mentor-Miha-Jersek-foto-Miha-Jersek.jpg?resize=495%2C400&amp;ssl=1 495w, https:\/\/i0.wp.com\/www.vss-sezana.si\/wp-content\/uploads\/2013\/09\/04_Jaspis_-Brusila-Polona-Tercon_mentor-Miha-Jersek-foto-Miha-Jersek.jpg?resize=710%2C575&amp;ssl=1 710w, https:\/\/i0.wp.com\/www.vss-sezana.si\/wp-content\/uploads\/2013\/09\/04_Jaspis_-Brusila-Polona-Tercon_mentor-Miha-Jersek-foto-Miha-Jersek.jpg?zoom=2&amp;resize=495%2C400&amp;ssl=1 990w\" sizes=\"auto, (max-width: 495px) 100vw, 495px\" data-attachment-id=\"1632\" data-permalink=\"https:\/\/www.vss-sezana.si\/?attachment_id=1632\" data-orig-file=\"https:\/\/i0.wp.com\/www.vss-sezana.si\/wp-content\/uploads\/2013\/09\/04_Jaspis_-Brusila-Polona-Tercon_mentor-Miha-Jersek-foto-Miha-Jersek.jpg?fit=1000%2C664&amp;ssl=1\" data-orig-size=\"1000,664\" data-comments-opened=\"1\" data-image-meta=\"{&quot;aperture&quot;:&quot;0&quot;,&quot;credit&quot;:&quot;&quot;,&quot;camera&quot;:&quot;&quot;,&quot;caption&quot;:&quot;&quot;,&quot;created_timestamp&quot;:&quot;0&quot;,&quot;copyright&quot;:&quot;&quot;,&quot;focal_length&quot;:&quot;0&quot;,&quot;iso&quot;:&quot;0&quot;,&quot;shutter_speed&quot;:&quot;0&quot;,&quot;title&quot;:&quot;&quot;}\" data-image-title=\"Jaspis. Brusila Polona Tercon. Fotografija: Miha Jer\u0161ek.\" data-image-description=\"&lt;p&gt;Jaspis. Brusila Polona Tercon. Foto Miha Jer\u0161ek.&lt;\/p&gt;\n\" data-image-caption=\"&lt;p&gt;Jaspis. Brusila Polona Tercon. Fotografija: Miha Jer\u0161ek.&lt;\/p&gt;\n\" data-large-file=\"https:\/\/i0.wp.com\/www.vss-sezana.si\/wp-content\/uploads\/2013\/09\/04_Jaspis_-Brusila-Polona-Tercon_mentor-Miha-Jersek-foto-Miha-Jersek.jpg?fit=1000%2C664&amp;ssl=1\" \/><\/a><div class='grid-content'><div class='avia-arrow'><\/div><header class=\"entry-content-header\"><h3 class='grid-entry-title entry-title'  itemprop=\"headline\" ><a href='https:\/\/www.vss-sezana.si\/?portfolio=pok' title='POK'>POK<\/a><\/h3><\/header><div class='grid-entry-excerpt entry-content'  itemprop=\"text\" >Poldragi kamni<\/div><\/div><footer class=\"entry-footer\"><\/footer><\/article><\/div><div data-ajax-id='691' class=' grid-entry flex_column isotope-item all_sort no_margin post-entry post-entry-691 grid-entry-overview grid-loop-4 grid-parity-even  pzr_sort  av_one_third first default_av_fullwidth '><article class='main_color inner-entry'  itemscope=\"itemscope\" itemtype=\"https:\/\/schema.org\/CreativeWork\" ><a href='https:\/\/www.vss-sezana.si\/?portfolio=pzr' title='PZR'  data-rel='grid-1' class='grid-image avia-hover-fx'><img loading=\"lazy\" decoding=\"async\" width=\"495\" height=\"400\" src=\"https:\/\/i0.wp.com\/www.vss-sezana.si\/wp-content\/uploads\/2013\/09\/neptun012.jpg?resize=495%2C400&amp;ssl=1\" class=\"attachment-portfolio size-portfolio wp-post-image\" alt=\"Neptun\" srcset=\"https:\/\/i0.wp.com\/www.vss-sezana.si\/wp-content\/uploads\/2013\/09\/neptun012.jpg?resize=495%2C400&amp;ssl=1 495w, https:\/\/i0.wp.com\/www.vss-sezana.si\/wp-content\/uploads\/2013\/09\/neptun012.jpg?resize=710%2C575&amp;ssl=1 710w\" sizes=\"auto, (max-width: 495px) 100vw, 495px\" data-attachment-id=\"1072\" data-permalink=\"https:\/\/www.vss-sezana.si\/?attachment_id=1072\" data-orig-file=\"https:\/\/i0.wp.com\/www.vss-sezana.si\/wp-content\/uploads\/2013\/09\/neptun012.jpg?fit=825%2C1100&amp;ssl=1\" data-orig-size=\"825,1100\" data-comments-opened=\"1\" data-image-meta=\"{&quot;aperture&quot;:&quot;0&quot;,&quot;credit&quot;:&quot;&quot;,&quot;camera&quot;:&quot;&quot;,&quot;caption&quot;:&quot;&quot;,&quot;created_timestamp&quot;:&quot;0&quot;,&quot;copyright&quot;:&quot;&quot;,&quot;focal_length&quot;:&quot;0&quot;,&quot;iso&quot;:&quot;0&quot;,&quot;shutter_speed&quot;:&quot;0&quot;,&quot;title&quot;:&quot;&quot;}\" data-image-title=\"Neptun\" data-image-description=\"&lt;p&gt;Neptun&lt;\/p&gt;\n\" data-image-caption=\"&lt;p&gt;Neptun&lt;\/p&gt;\n\" data-large-file=\"https:\/\/i0.wp.com\/www.vss-sezana.si\/wp-content\/uploads\/2013\/09\/neptun012.jpg?fit=772%2C1030&amp;ssl=1\" \/><\/a><div class='grid-content'><div class='avia-arrow'><\/div><header class=\"entry-content-header\"><h3 class='grid-entry-title entry-title'  itemprop=\"headline\" ><a href='https:\/\/www.vss-sezana.si\/?portfolio=pzr' title='PZR'>PZR<\/a><\/h3><\/header><div class='grid-entry-excerpt entry-content'  itemprop=\"text\" >Po\u0161kodbe, za\u0161\u010dita in restavriranje<\/div><\/div><footer class=\"entry-footer\"><\/footer><\/article><\/div><div data-ajax-id='687' class=' grid-entry flex_column isotope-item all_sort no_margin post-entry post-entry-687 grid-entry-overview grid-loop-5 grid-parity-odd  post-entry-last  tro_sort  av_one_third  default_av_fullwidth '><article class='main_color inner-entry'  itemscope=\"itemscope\" itemtype=\"https:\/\/schema.org\/CreativeWork\" ><a href='https:\/\/www.vss-sezana.si\/?portfolio=tro' title='TRO'  data-rel='grid-1' class='grid-image avia-hover-fx'><img loading=\"lazy\" decoding=\"async\" width=\"495\" height=\"400\" src=\"https:\/\/i0.wp.com\/www.vss-sezana.si\/wp-content\/uploads\/2013\/09\/Spela_Sedivy_11-12_Marn.jpg?resize=495%2C400&amp;ssl=1\" class=\"attachment-portfolio size-portfolio wp-post-image\" alt=\"\u0160pela \u0160edivy. 2011\/12\" srcset=\"https:\/\/i0.wp.com\/www.vss-sezana.si\/wp-content\/uploads\/2013\/09\/Spela_Sedivy_11-12_Marn.jpg?resize=495%2C400&amp;ssl=1 495w, https:\/\/i0.wp.com\/www.vss-sezana.si\/wp-content\/uploads\/2013\/09\/Spela_Sedivy_11-12_Marn.jpg?resize=710%2C575&amp;ssl=1 710w, https:\/\/i0.wp.com\/www.vss-sezana.si\/wp-content\/uploads\/2013\/09\/Spela_Sedivy_11-12_Marn.jpg?zoom=2&amp;resize=495%2C400&amp;ssl=1 990w\" sizes=\"auto, (max-width: 495px) 100vw, 495px\" data-attachment-id=\"1089\" data-permalink=\"https:\/\/www.vss-sezana.si\/?attachment_id=1089\" data-orig-file=\"https:\/\/i0.wp.com\/www.vss-sezana.si\/wp-content\/uploads\/2013\/09\/Spela_Sedivy_11-12_Marn.jpg?fit=1100%2C733&amp;ssl=1\" data-orig-size=\"1100,733\" data-comments-opened=\"1\" data-image-meta=\"{&quot;aperture&quot;:&quot;0&quot;,&quot;credit&quot;:&quot;&quot;,&quot;camera&quot;:&quot;&quot;,&quot;caption&quot;:&quot;&quot;,&quot;created_timestamp&quot;:&quot;0&quot;,&quot;copyright&quot;:&quot;&quot;,&quot;focal_length&quot;:&quot;0&quot;,&quot;iso&quot;:&quot;0&quot;,&quot;shutter_speed&quot;:&quot;0&quot;,&quot;title&quot;:&quot;&quot;}\" data-image-title=\"\u0160pela \u0160edivy. Marn. 2011\/12\" data-image-description=\"&lt;p&gt;\u0160pela \u0160edivy. 2011\/12&lt;\/p&gt;\n\" data-image-caption=\"&lt;p&gt;\u0160pela \u0160edivy. \u0160ol.l. 2011\/12&lt;\/p&gt;\n\" data-large-file=\"https:\/\/i0.wp.com\/www.vss-sezana.si\/wp-content\/uploads\/2013\/09\/Spela_Sedivy_11-12_Marn.jpg?fit=1030%2C686&amp;ssl=1\" \/><\/a><div class='grid-content'><div class='avia-arrow'><\/div><header class=\"entry-content-header\"><h3 class='grid-entry-title entry-title'  itemprop=\"headline\" ><a href='https:\/\/www.vss-sezana.si\/?portfolio=tro' title='TRO'>TRO<\/a><\/h3><\/header><div class='grid-entry-excerpt entry-content'  itemprop=\"text\" >Tehni\u010dno risanje in opisna geometrija<\/div><\/div><footer class=\"entry-footer\"><\/footer><\/article><\/div><\/div><\/div>\n","protected":false},"excerpt":{"rendered":"","protected":false},"author":2,"featured_media":0,"parent":58,"menu_order":20,"comment_status":"open","ping_status":"closed","template":"","meta":{"footnotes":""},"class_list":["post-65","page","type-page","status-publish","hentry"],"aioseo_notices":[],"jetpack_sharing_enabled":true,"jetpack_shortlink":"https:\/\/wp.me\/P6N9ot-13","jetpack-related-posts":[],"_links":{"self":[{"href":"https:\/\/www.vss-sezana.si\/index.php?rest_route=\/wp\/v2\/pages\/65","targetHints":{"allow":["GET"]}}],"collection":[{"href":"https:\/\/www.vss-sezana.si\/index.php?rest_route=\/wp\/v2\/pages"}],"about":[{"href":"https:\/\/www.vss-sezana.si\/index.php?rest_route=\/wp\/v2\/types\/page"}],"author":[{"embeddable":true,"href":"https:\/\/www.vss-sezana.si\/index.php?rest_route=\/wp\/v2\/users\/2"}],"replies":[{"embeddable":true,"href":"https:\/\/www.vss-sezana.si\/index.php?rest_route=%2Fwp%2Fv2%2Fcomments&post=65"}],"version-history":[{"count":22,"href":"https:\/\/www.vss-sezana.si\/index.php?rest_route=\/wp\/v2\/pages\/65\/revisions"}],"predecessor-version":[{"id":1640,"href":"https:\/\/www.vss-sezana.si\/index.php?rest_route=\/wp\/v2\/pages\/65\/revisions\/1640"}],"up":[{"embeddable":true,"href":"https:\/\/www.vss-sezana.si\/index.php?rest_route=\/wp\/v2\/pages\/58"}],"wp:attachment":[{"href":"https:\/\/www.vss-sezana.si\/index.php?rest_route=%2Fwp%2Fv2%2Fmedia&parent=65"}],"curies":[{"name":"wp","href":"https:\/\/api.w.org\/{rel}","templated":true}]}}