{"id":5185,"date":"2016-06-28T21:23:17","date_gmt":"2016-06-28T19:23:17","guid":{"rendered":"http:\/\/www.vss-sezana.si\/?page_id=5185"},"modified":"2016-06-28T21:43:00","modified_gmt":"2016-06-28T19:43:00","slug":"severna-obzorja","status":"publish","type":"page","link":"https:\/\/www.vss-sezana.si\/?page_id=5185","title":{"rendered":"Severna obzorja"},"content":{"rendered":"<div class=\"flex_column av_one_third  flex_column_div av-zero-column-padding first  avia-builder-el-0  el_before_av_two_third  avia-builder-el-first  \" style='border-radius:0px; '><p><div class='avia-image-container  av-styling-    avia-builder-el-1  el_before_av_image  avia-builder-el-first  avia-align-center '  itemprop=\"image\" itemscope=\"itemscope\" itemtype=\"https:\/\/schema.org\/ImageObject\"  ><div class='avia-image-container-inner'><div class='avia-image-overlay-wrap'><img class='avia_image' src='https:\/\/i0.wp.com\/www.vss-sezana.si\/wp-content\/uploads\/2016\/06\/EEA-NOR-LOGOS-2.jpg?fit=908%2C251&ssl=1' alt='' title='EEA NOR LOGOS (2)' height=\"251\" width=\"908\"  itemprop=\"thumbnailUrl\"  \/><\/div><\/div><\/div><br \/>\n<div class='avia-image-container  av-styling-    avia-builder-el-2  el_after_av_image  el_before_av_hr  avia-align-center '  itemprop=\"image\" itemscope=\"itemscope\" itemtype=\"https:\/\/schema.org\/ImageObject\"  ><div class='avia-image-container-inner'><div class='avia-image-overlay-wrap'><img class='avia_image' src='https:\/\/i0.wp.com\/www.vss-sezana.si\/wp-content\/uploads\/2016\/06\/SVRK-ang-1.jpg?fit=949%2C152&ssl=1' alt='' title='SVRK ang (1)' height=\"152\" width=\"949\"  itemprop=\"thumbnailUrl\"  \/><\/div><\/div><\/div><br \/>\n<div  class='hr hr-default   avia-builder-el-3  el_after_av_image  el_before_av_textblock '><span class='hr-inner ' ><span class='hr-inner-style'><\/span><\/span><\/div><br \/>\n<section class=\"av_textblock_section \"  itemscope=\"itemscope\" itemtype=\"https:\/\/schema.org\/CreativeWork\" ><div class='avia_textblock  '   itemprop=\"text\" ><p>\u201cIzvedba tega projekta je financirana s strani Finan\u010dnega mehanizma EGP 2009\u20132014 ter Norve\u0161kega finan\u010dnega mehanizma 2009\u20132014 med Republiko Islandijo, Kne\u017eevino Lihten\u0161tajn, Kraljevino Norve\u0161ko in Republiko Slovenijo. Vsebina publikacije (komunikacije) je izklju\u010dno odgovornost avtorja in v nobenem primeru ne predstavlja stali\u0161\u010d financerjev projekta.\u201d<\/p>\n<\/div><\/section><br \/>\n<div  class='hr hr-default   avia-builder-el-5  el_after_av_textblock  el_before_av_textblock '><span class='hr-inner ' ><span class='hr-inner-style'><\/span><\/span><\/div><br \/>\n<section class=\"av_textblock_section \"  itemscope=\"itemscope\" itemtype=\"https:\/\/schema.org\/CreativeWork\" ><div class='avia_textblock  '   itemprop=\"text\" ><p>\u201cThis project has been funded with support from the EEA Financial Mechanism 2009 \u2013 2014 and the Norwegian Financial Mechanism 2009 \u2013 2014 between the Republic of Iceland, the Principality of Liechtenstein, the Kingdom of Norway and the Republic of Slovenia. This publication [communication] reflects the views only of the author, and the project funders cannot be held responsible for any use which may be made of the information contained therein.\u201c<\/p>\n<\/div><\/section><\/p><\/div><div class=\"flex_column av_two_third  flex_column_div av-zero-column-padding   avia-builder-el-7  el_after_av_one_third  avia-builder-el-last  \" style='border-radius:0px; '><section class=\"av_textblock_section \"  itemscope=\"itemscope\" itemtype=\"https:\/\/schema.org\/CreativeWork\" ><div class='avia_textblock  '   itemprop=\"text\" ><h1>Severna obzorja<\/h1>\n<h3><em>Slovenski \u0161tipendijski sklad SI04, EGP\/NFM, Projekti mobilnosti v visoko\u0161olskem izobra\u017eevanju (Akcija 2), Razpis 2015<\/em><\/h3>\n<p>\u0160C Sre\u010dka Kosovela Se\u017eana, Vi\u0161ja strokovna \u0161ola je v januarju 2015 prijavila projekt Severna obzorja na razpis Norve\u0161kega finan\u010dnega mehanizma (EEA Grants Norway Grants). Vloga je bila sicer sprejeta, vendar je zaradi pomanjkanja sredstev razpisa pristala na rezervni listi. Namen projekta je bil usposabljanje predavateljev na Norve\u0161kem oz. pribli\u017eati norve\u0161ko kulturo \u0161tudentom in predavateljem na\u0161e \u0161ole s povabilom tujega strokovnjaka, ki bi predaval na Vi\u0161ji strokovni \u0161oli. Projekt je bil prijavljen z namenom vzpostavitve dolgotrajnej\u0161ega sodelovanja s Fakulteto za arhitekturo iz Bergna (BAS) ter umetni\u0161ko \u0161olo Kunstskole am Rogaland iz Stavangerja. S \u0161olo iz Bergna je navezal stike predavatelj Matej Per\u010di\u010d, ki se je tam usposabljal v okviru projekta Erasmus+. \u0160olo iz Stavangerja pa smo kontaktirali na predlog partnerske srednje \u0161ole Vagen vidergaende skole iz Sandnesa.<\/p>\n<p>V e-zbornici Vi\u0161je strokovne \u0161ole je bil objavljen poziv za vse predavatelje, ki bi se \u017eeleli usposabljati na Norve\u0161kem. Javila se je le ena predavateljica, ki je navezala stike z razli\u010dnimi institucijami na Norve\u0161kem. Med letom je bilo sklenjenih kar nekaj dogovorov s tujimi strokovnjaki, ki pa se niso izvr\u0161ili zaradi razli\u010dnih razlogov (najve\u010dkrat pomanjkanje \u010dasa).<\/p>\n<p>V mesecu marcu se je skupina strokovnih delavcev srednje \u0161ole udele\u017eila 10 dnevnega job shaddowing usposabljanja na partnerski \u0161oli v Sandnesu. Tam smo se zelo navdu\u0161ili nad pou\u010devanjem podjetni\u0161tva pod okriljem institucije Ungt Entrepren\u00f8rskap, ki deluje na regionalnem in nacionalnem nivoju na podro\u010dju celotne dr\u017eave. Na Norve\u0161kem \u0161tudentje ustanovijo podjetja tako, da razvijejo idejo, se registrirajo in resni\u010dno poslujejo eno \u0161olsko\/\u0161tudijsko leto. Izdelke ali storitve tudi prodajajo in na koncu si lahko izpla\u010dajo dobi\u010dek. V enem letu lahko podjetje zaslu\u017ei do 50.000,00 EUR. Po enem letu se podjetje zapre.<\/p>\n<p>Z institucijo smo navezali stike in povabili so nas na usposabljanje med 26.4.2016 in 30.4.2016, ki je vklju\u010devalo nacionalni sejem najbolj\u0161ih \u0161tudentskih podjetij iz Norve\u0161ke. Poleg sejma je bilo organizirano tudi usposabljanje mentorjev. Usposabljanja sva se udele\u017eili dve predavateljici Vi\u0161je strokovne \u0161ole Sandra Grmek in Maja Pre\u0161eren.<\/p>\n<p>Program usposabljanja je zajemal:<\/p>\n<ul>\n<li>predstavitev poslanstva, vizije, strategije intitucije -Tor\u00a0K\u00e5pvik<\/li>\n<li>predstavitev institucije in njenega delovanja na regionalni in nacionalni ravni-Trine Haugaard<\/li>\n<li>predstavitev mednarodne mre\u017ee Junior achievemnet, v okviru katere delujejo- Trine Haugaard<\/li>\n<li>predstavitev zakonodaje, ki ureja podro\u010dje poslovanja \u0161tudentskih podjetij- Trine Haugaard<\/li>\n<li>vklju\u010ditev v izobra\u017eevalni sistem-Trine Haugaard<\/li>\n<li>povezava z gospodarstvom- Holger Aasen<\/li>\n<li>predstavitev delovanja v okviru terciarnega izobra\u017eevanja (Holger Aasen<\/li>\n<\/ul>\n<p>CEO, Ungt Entrepren\u00f8rskap Sogn og Fjordane \/ JA-YE Sogn og Fjordane)<\/p>\n<ul>\n<li>predstavitev dela mentorjev (Arne U. Hoff-mentor zmagovalnega podjetja, Nina Danielsen-UE Finnmark ): motivacija, metoda dela, rezultati<\/li>\n<li>ogled sejma, pogovori z dijaki (u\u010dinkovitost metode, zavzetost, pridobivanje kompetenc)<\/li>\n<li>ogled odrskih predstavitev podjetij<\/li>\n<li>ogled uvodne prireditve z norve\u0161ko premieiko <a href=\"https:\/\/en.wikipedia.org\/wiki\/Erna_Solberg\">Erno Solberg<\/a><\/li>\n<li>ogled podelitve nagrad<\/li>\n<\/ul>\n<p>Usposabljanje je bilo zelo zanimivo in upava, da bo tudi pri nas mo\u017eno vpeljati podoben na\u010din pou\u010devanja podjetni\u0161tva. Program Junior achievement se pri nas izvaja pod okriljem zavoda Moje podjetje, ki ima kot cilj vzpostavitev delovanja \u0161tudentskih podjetij tudi na Vi\u0161jih strokovnih \u0161olah. V Sloveniji so ovire predvsem v rigidni zakonodaji in negativnemu odnosu do podjetni\u0161tva.<\/p>\n<p>Medtem, ko mi pridno izvr\u0161ujemo Boscarolov BOB leta, si Norve\u0161ka sistemati\u010dno vzgaja vojsko inovatorjev.<\/p>\n<p>Maja Pre\u0161eren, koordinatorka projektov EEA Grants Norway Grants<\/p>\n<\/div><\/section><\/div><\/p>\n","protected":false},"excerpt":{"rendered":"","protected":false},"author":4,"featured_media":0,"parent":69,"menu_order":0,"comment_status":"closed","ping_status":"closed","template":"","meta":{"footnotes":""},"class_list":["post-5185","page","type-page","status-publish","hentry"],"aioseo_notices":[],"jetpack_sharing_enabled":true,"jetpack_shortlink":"https:\/\/wp.me\/P6N9ot-1lD","jetpack-related-posts":[],"_links":{"self":[{"href":"https:\/\/www.vss-sezana.si\/index.php?rest_route=\/wp\/v2\/pages\/5185","targetHints":{"allow":["GET"]}}],"collection":[{"href":"https:\/\/www.vss-sezana.si\/index.php?rest_route=\/wp\/v2\/pages"}],"about":[{"href":"https:\/\/www.vss-sezana.si\/index.php?rest_route=\/wp\/v2\/types\/page"}],"author":[{"embeddable":true,"href":"https:\/\/www.vss-sezana.si\/index.php?rest_route=\/wp\/v2\/users\/4"}],"replies":[{"embeddable":true,"href":"https:\/\/www.vss-sezana.si\/index.php?rest_route=%2Fwp%2Fv2%2Fcomments&post=5185"}],"version-history":[{"count":3,"href":"https:\/\/www.vss-sezana.si\/index.php?rest_route=\/wp\/v2\/pages\/5185\/revisions"}],"predecessor-version":[{"id":5191,"href":"https:\/\/www.vss-sezana.si\/index.php?rest_route=\/wp\/v2\/pages\/5185\/revisions\/5191"}],"up":[{"embeddable":true,"href":"https:\/\/www.vss-sezana.si\/index.php?rest_route=\/wp\/v2\/pages\/69"}],"wp:attachment":[{"href":"https:\/\/www.vss-sezana.si\/index.php?rest_route=%2Fwp%2Fv2%2Fmedia&parent=5185"}],"curies":[{"name":"wp","href":"https:\/\/api.w.org\/{rel}","templated":true}]}}