{"id":10282,"date":"2022-08-30T12:49:47","date_gmt":"2022-08-30T10:49:47","guid":{"rendered":"https:\/\/www.vss-sezana.si\/?page_id=10282"},"modified":"2022-10-10T10:00:06","modified_gmt":"2022-10-10T08:00:06","slug":"program-usposabljanja-analogne-fotografske-tehnike","status":"publish","type":"page","link":"https:\/\/www.vss-sezana.si\/?page_id=10282","title":{"rendered":"PROGRAM USPOSABLJANJA ANALOGNE FOTOGRAFSKE TEHNIKE"},"content":{"rendered":"<div class=\"flex_column av_one_third  flex_column_div av-zero-column-padding first  avia-builder-el-0  el_before_av_three_fifth  avia-builder-el-first  \" style='border-radius:0px; '><div class='avia-image-container  av-styling- av-hover-grow   avia-builder-el-1  avia-builder-el-no-sibling  avia-align-left '  itemprop=\"image\" itemscope=\"itemscope\" itemtype=\"https:\/\/schema.org\/ImageObject\"  ><div class='avia-image-container-inner'><div class='avia-image-overlay-wrap'><img class='avia_image' src='https:\/\/i0.wp.com\/www.vss-sezana.si\/wp-content\/uploads\/2021\/03\/munera-logotip.gif?fit=102%2C124&ssl=1' alt='' title='munera logotip' height=\"124\" width=\"102\"  itemprop=\"thumbnailUrl\"  \/><\/div><\/div><\/div><\/div>\n<div class=\"flex_column av_three_fifth  flex_column_div av-zero-column-padding   avia-builder-el-2  el_after_av_one_third  el_before_av_one_third  \" style='border-radius:0px; '><section class=\"av_textblock_section \"  itemscope=\"itemscope\" itemtype=\"https:\/\/schema.org\/CreativeWork\" ><div class='avia_textblock  '   itemprop=\"text\" ><h2><b><span lang=\"SL\">PROGRAM USPOSABLJANJA\u00a0ANALOGNE FOTOGRAFSKE TEHNIKE \u00a0<\/span><\/b><\/h2>\n<p style=\"font-weight: 400;\">Ob nenehnem napredku fotografskih tehnik se je hitro pozabilo na nekatere klasi\u010dne postopke, ki nudijo veliko mo\u017enosti za eksperimentiranje in unikatno fotografsko ponudbo na trgu. Sami postopki se zelo lepo dopolnjujejo s sodobnimi fotografskimi digitalnimi postopki in v kombinaciji z njimi nudijo nove izrazne mo\u017enosti.<\/p>\n<p style=\"font-weight: 400;\">Program Analogne fotografske tehnike je namenjen razumevanju in poznavanju fotografskih procesov iz 19. stoletja, ki so v veliki meri pozabljene in slabo poznane, ponujajo pa veliko dodatno vrednost pri fotografih.<\/p>\n<p style=\"font-weight: 400;\">Udele\u017eenci se bodo v programu spoznali z razli\u010dnimi kopirnimi procesi (ro\u010dna izdelava fotografij iz digitalnega negativa), Cianotipija, Van Dyke, Albumen tisk in Slani tisk.<\/p>\n<p style=\"font-weight: 400;\"><strong>Usposabljanje je brezpla\u010dno za vse zaposlene in poteka v okviru projekta Munera 3.<\/strong><\/p>\n<p><span style=\"font-weight: 400;\">Ve\u010d informacij o programu usposabljanja<\/span>: <a href=\"https:\/\/www.vss-sezana.si\/wp-content\/uploads\/2022\/08\/Munera3_Storitve_Analogne-fotografske-tehnike-ponovno2.docx\"><strong>RAZPIS &#8211;\u00a0<\/strong><b><span lang=\"SL\">ANALOGNE FOTOGRAFSKE TEHNIKE <\/span><\/b><\/a><\/p>\n<p style=\"font-weight: 400;\">\n<p><img data-recalc-dims=\"1\" loading=\"lazy\" decoding=\"async\" data-attachment-id=\"10288\" data-permalink=\"https:\/\/www.vss-sezana.si\/?attachment_id=10288\" data-orig-file=\"https:\/\/i0.wp.com\/www.vss-sezana.si\/wp-content\/uploads\/2022\/08\/301454629_1358597201215349_5061765306293033377_n.jpg?fit=960%2C1280&amp;ssl=1\" data-orig-size=\"960,1280\" data-comments-opened=\"1\" data-image-meta=\"{&quot;aperture&quot;:&quot;0&quot;,&quot;credit&quot;:&quot;&quot;,&quot;camera&quot;:&quot;&quot;,&quot;caption&quot;:&quot;&quot;,&quot;created_timestamp&quot;:&quot;0&quot;,&quot;copyright&quot;:&quot;&quot;,&quot;focal_length&quot;:&quot;0&quot;,&quot;iso&quot;:&quot;0&quot;,&quot;shutter_speed&quot;:&quot;0&quot;,&quot;title&quot;:&quot;&quot;,&quot;orientation&quot;:&quot;0&quot;}\" data-image-title=\"301454629_1358597201215349_5061765306293033377_n\" data-image-description=\"\" data-image-caption=\"\" data-large-file=\"https:\/\/i0.wp.com\/www.vss-sezana.si\/wp-content\/uploads\/2022\/08\/301454629_1358597201215349_5061765306293033377_n.jpg?fit=773%2C1030&amp;ssl=1\" class=\"alignnone size-medium wp-image-10288\" src=\"https:\/\/i0.wp.com\/www.vss-sezana.si\/wp-content\/uploads\/2022\/08\/301454629_1358597201215349_5061765306293033377_n.jpg?resize=225%2C300&#038;ssl=1\" alt=\"\" width=\"225\" height=\"300\" srcset=\"https:\/\/i0.wp.com\/www.vss-sezana.si\/wp-content\/uploads\/2022\/08\/301454629_1358597201215349_5061765306293033377_n.jpg?resize=225%2C300&amp;ssl=1 225w, https:\/\/i0.wp.com\/www.vss-sezana.si\/wp-content\/uploads\/2022\/08\/301454629_1358597201215349_5061765306293033377_n.jpg?resize=773%2C1030&amp;ssl=1 773w, https:\/\/i0.wp.com\/www.vss-sezana.si\/wp-content\/uploads\/2022\/08\/301454629_1358597201215349_5061765306293033377_n.jpg?resize=768%2C1024&amp;ssl=1 768w, https:\/\/i0.wp.com\/www.vss-sezana.si\/wp-content\/uploads\/2022\/08\/301454629_1358597201215349_5061765306293033377_n.jpg?resize=529%2C705&amp;ssl=1 529w, https:\/\/i0.wp.com\/www.vss-sezana.si\/wp-content\/uploads\/2022\/08\/301454629_1358597201215349_5061765306293033377_n.jpg?resize=450%2C600&amp;ssl=1 450w, https:\/\/i0.wp.com\/www.vss-sezana.si\/wp-content\/uploads\/2022\/08\/301454629_1358597201215349_5061765306293033377_n.jpg?w=960&amp;ssl=1 960w\" sizes=\"auto, (max-width: 225px) 100vw, 225px\" \/>\u00a0 <img data-recalc-dims=\"1\" loading=\"lazy\" decoding=\"async\" data-attachment-id=\"10290\" data-permalink=\"https:\/\/www.vss-sezana.si\/?attachment_id=10290\" data-orig-file=\"https:\/\/i0.wp.com\/www.vss-sezana.si\/wp-content\/uploads\/2022\/08\/302047927_1361161837625552_5006459794786655449_n.jpg?fit=1894%2C1935&amp;ssl=1\" data-orig-size=\"1894,1935\" data-comments-opened=\"1\" data-image-meta=\"{&quot;aperture&quot;:&quot;0&quot;,&quot;credit&quot;:&quot;&quot;,&quot;camera&quot;:&quot;&quot;,&quot;caption&quot;:&quot;&quot;,&quot;created_timestamp&quot;:&quot;0&quot;,&quot;copyright&quot;:&quot;&quot;,&quot;focal_length&quot;:&quot;0&quot;,&quot;iso&quot;:&quot;0&quot;,&quot;shutter_speed&quot;:&quot;0&quot;,&quot;title&quot;:&quot;&quot;,&quot;orientation&quot;:&quot;0&quot;}\" data-image-title=\"302047927_1361161837625552_5006459794786655449_n\" data-image-description=\"\" data-image-caption=\"\" data-large-file=\"https:\/\/i0.wp.com\/www.vss-sezana.si\/wp-content\/uploads\/2022\/08\/302047927_1361161837625552_5006459794786655449_n.jpg?fit=1008%2C1030&amp;ssl=1\" class=\"alignnone size-medium wp-image-10290\" src=\"https:\/\/i0.wp.com\/www.vss-sezana.si\/wp-content\/uploads\/2022\/08\/302047927_1361161837625552_5006459794786655449_n.jpg?resize=294%2C300&#038;ssl=1\" alt=\"\" width=\"294\" height=\"300\" srcset=\"https:\/\/i0.wp.com\/www.vss-sezana.si\/wp-content\/uploads\/2022\/08\/302047927_1361161837625552_5006459794786655449_n.jpg?resize=294%2C300&amp;ssl=1 294w, https:\/\/i0.wp.com\/www.vss-sezana.si\/wp-content\/uploads\/2022\/08\/302047927_1361161837625552_5006459794786655449_n.jpg?resize=1008%2C1030&amp;ssl=1 1008w, https:\/\/i0.wp.com\/www.vss-sezana.si\/wp-content\/uploads\/2022\/08\/302047927_1361161837625552_5006459794786655449_n.jpg?resize=768%2C785&amp;ssl=1 768w, https:\/\/i0.wp.com\/www.vss-sezana.si\/wp-content\/uploads\/2022\/08\/302047927_1361161837625552_5006459794786655449_n.jpg?resize=1503%2C1536&amp;ssl=1 1503w, https:\/\/i0.wp.com\/www.vss-sezana.si\/wp-content\/uploads\/2022\/08\/302047927_1361161837625552_5006459794786655449_n.jpg?resize=36%2C36&amp;ssl=1 36w, https:\/\/i0.wp.com\/www.vss-sezana.si\/wp-content\/uploads\/2022\/08\/302047927_1361161837625552_5006459794786655449_n.jpg?resize=1468%2C1500&amp;ssl=1 1468w, https:\/\/i0.wp.com\/www.vss-sezana.si\/wp-content\/uploads\/2022\/08\/302047927_1361161837625552_5006459794786655449_n.jpg?resize=690%2C705&amp;ssl=1 690w, https:\/\/i0.wp.com\/www.vss-sezana.si\/wp-content\/uploads\/2022\/08\/302047927_1361161837625552_5006459794786655449_n.jpg?resize=450%2C460&amp;ssl=1 450w, https:\/\/i0.wp.com\/www.vss-sezana.si\/wp-content\/uploads\/2022\/08\/302047927_1361161837625552_5006459794786655449_n.jpg?w=1894&amp;ssl=1 1894w\" sizes=\"auto, (max-width: 294px) 100vw, 294px\" \/> <img data-recalc-dims=\"1\" loading=\"lazy\" decoding=\"async\" data-attachment-id=\"10287\" data-permalink=\"https:\/\/www.vss-sezana.si\/?attachment_id=10287\" data-orig-file=\"https:\/\/i0.wp.com\/www.vss-sezana.si\/wp-content\/uploads\/2022\/08\/301240752_1358597117882024_5919061435857609821_n.jpg?fit=1161%2C1512&amp;ssl=1\" data-orig-size=\"1161,1512\" data-comments-opened=\"1\" data-image-meta=\"{&quot;aperture&quot;:&quot;0&quot;,&quot;credit&quot;:&quot;&quot;,&quot;camera&quot;:&quot;&quot;,&quot;caption&quot;:&quot;&quot;,&quot;created_timestamp&quot;:&quot;0&quot;,&quot;copyright&quot;:&quot;&quot;,&quot;focal_length&quot;:&quot;0&quot;,&quot;iso&quot;:&quot;0&quot;,&quot;shutter_speed&quot;:&quot;0&quot;,&quot;title&quot;:&quot;&quot;,&quot;orientation&quot;:&quot;0&quot;}\" data-image-title=\"301240752_1358597117882024_5919061435857609821_n\" data-image-description=\"\" data-image-caption=\"\" data-large-file=\"https:\/\/i0.wp.com\/www.vss-sezana.si\/wp-content\/uploads\/2022\/08\/301240752_1358597117882024_5919061435857609821_n.jpg?fit=791%2C1030&amp;ssl=1\" class=\"alignnone size-medium wp-image-10287\" src=\"https:\/\/i0.wp.com\/www.vss-sezana.si\/wp-content\/uploads\/2022\/08\/301240752_1358597117882024_5919061435857609821_n.jpg?resize=230%2C300&#038;ssl=1\" alt=\"\" width=\"230\" height=\"300\" srcset=\"https:\/\/i0.wp.com\/www.vss-sezana.si\/wp-content\/uploads\/2022\/08\/301240752_1358597117882024_5919061435857609821_n.jpg?resize=230%2C300&amp;ssl=1 230w, https:\/\/i0.wp.com\/www.vss-sezana.si\/wp-content\/uploads\/2022\/08\/301240752_1358597117882024_5919061435857609821_n.jpg?resize=791%2C1030&amp;ssl=1 791w, https:\/\/i0.wp.com\/www.vss-sezana.si\/wp-content\/uploads\/2022\/08\/301240752_1358597117882024_5919061435857609821_n.jpg?resize=768%2C1000&amp;ssl=1 768w, https:\/\/i0.wp.com\/www.vss-sezana.si\/wp-content\/uploads\/2022\/08\/301240752_1358597117882024_5919061435857609821_n.jpg?resize=1152%2C1500&amp;ssl=1 1152w, https:\/\/i0.wp.com\/www.vss-sezana.si\/wp-content\/uploads\/2022\/08\/301240752_1358597117882024_5919061435857609821_n.jpg?resize=541%2C705&amp;ssl=1 541w, https:\/\/i0.wp.com\/www.vss-sezana.si\/wp-content\/uploads\/2022\/08\/301240752_1358597117882024_5919061435857609821_n.jpg?resize=450%2C586&amp;ssl=1 450w, https:\/\/i0.wp.com\/www.vss-sezana.si\/wp-content\/uploads\/2022\/08\/301240752_1358597117882024_5919061435857609821_n.jpg?w=1161&amp;ssl=1 1161w\" sizes=\"auto, (max-width: 230px) 100vw, 230px\" \/><img data-recalc-dims=\"1\" loading=\"lazy\" decoding=\"async\" data-attachment-id=\"10293\" data-permalink=\"https:\/\/www.vss-sezana.si\/?attachment_id=10293\" data-orig-file=\"https:\/\/i0.wp.com\/www.vss-sezana.si\/wp-content\/uploads\/2022\/08\/301482986_1358597187882017_8135470962296202958_n.jpg?fit=1205%2C1621&amp;ssl=1\" data-orig-size=\"1205,1621\" data-comments-opened=\"1\" data-image-meta=\"{&quot;aperture&quot;:&quot;0&quot;,&quot;credit&quot;:&quot;&quot;,&quot;camera&quot;:&quot;&quot;,&quot;caption&quot;:&quot;&quot;,&quot;created_timestamp&quot;:&quot;0&quot;,&quot;copyright&quot;:&quot;&quot;,&quot;focal_length&quot;:&quot;0&quot;,&quot;iso&quot;:&quot;0&quot;,&quot;shutter_speed&quot;:&quot;0&quot;,&quot;title&quot;:&quot;&quot;,&quot;orientation&quot;:&quot;0&quot;}\" data-image-title=\"301482986_1358597187882017_8135470962296202958_n\" data-image-description=\"\" data-image-caption=\"\" data-large-file=\"https:\/\/i0.wp.com\/www.vss-sezana.si\/wp-content\/uploads\/2022\/08\/301482986_1358597187882017_8135470962296202958_n.jpg?fit=766%2C1030&amp;ssl=1\" class=\"alignnone size-medium wp-image-10293\" src=\"https:\/\/i0.wp.com\/www.vss-sezana.si\/wp-content\/uploads\/2022\/08\/301482986_1358597187882017_8135470962296202958_n.jpg?resize=223%2C300&#038;ssl=1\" alt=\"\" width=\"223\" height=\"300\" srcset=\"https:\/\/i0.wp.com\/www.vss-sezana.si\/wp-content\/uploads\/2022\/08\/301482986_1358597187882017_8135470962296202958_n.jpg?resize=223%2C300&amp;ssl=1 223w, https:\/\/i0.wp.com\/www.vss-sezana.si\/wp-content\/uploads\/2022\/08\/301482986_1358597187882017_8135470962296202958_n.jpg?resize=766%2C1030&amp;ssl=1 766w, https:\/\/i0.wp.com\/www.vss-sezana.si\/wp-content\/uploads\/2022\/08\/301482986_1358597187882017_8135470962296202958_n.jpg?resize=768%2C1033&amp;ssl=1 768w, https:\/\/i0.wp.com\/www.vss-sezana.si\/wp-content\/uploads\/2022\/08\/301482986_1358597187882017_8135470962296202958_n.jpg?resize=1142%2C1536&amp;ssl=1 1142w, https:\/\/i0.wp.com\/www.vss-sezana.si\/wp-content\/uploads\/2022\/08\/301482986_1358597187882017_8135470962296202958_n.jpg?resize=1115%2C1500&amp;ssl=1 1115w, https:\/\/i0.wp.com\/www.vss-sezana.si\/wp-content\/uploads\/2022\/08\/301482986_1358597187882017_8135470962296202958_n.jpg?resize=524%2C705&amp;ssl=1 524w, https:\/\/i0.wp.com\/www.vss-sezana.si\/wp-content\/uploads\/2022\/08\/301482986_1358597187882017_8135470962296202958_n.jpg?resize=450%2C605&amp;ssl=1 450w, https:\/\/i0.wp.com\/www.vss-sezana.si\/wp-content\/uploads\/2022\/08\/301482986_1358597187882017_8135470962296202958_n.jpg?w=1205&amp;ssl=1 1205w\" sizes=\"auto, (max-width: 223px) 100vw, 223px\" \/><\/p>\n<\/div><\/section><\/div><div class=\"flex_column av_one_third  flex_column_div av-zero-column-padding first  avia-builder-el-4  el_after_av_three_fifth  el_before_av_one_full  \" style='border-radius:0px; '><\/div><\/p>\n<div class=\"flex_column av_one_full  flex_column_div av-zero-column-padding first  avia-builder-el-5  el_after_av_one_third  avia-builder-el-last  column-top-margin\" style='border-radius:0px; '><\/div>\n","protected":false},"excerpt":{"rendered":"","protected":false},"author":4,"featured_media":0,"parent":7203,"menu_order":0,"comment_status":"closed","ping_status":"closed","template":"","meta":{"footnotes":""},"class_list":["post-10282","page","type-page","status-publish","hentry"],"aioseo_notices":[],"jetpack_sharing_enabled":true,"jetpack_shortlink":"https:\/\/wp.me\/P6N9ot-2FQ","jetpack-related-posts":[],"_links":{"self":[{"href":"https:\/\/www.vss-sezana.si\/index.php?rest_route=\/wp\/v2\/pages\/10282","targetHints":{"allow":["GET"]}}],"collection":[{"href":"https:\/\/www.vss-sezana.si\/index.php?rest_route=\/wp\/v2\/pages"}],"about":[{"href":"https:\/\/www.vss-sezana.si\/index.php?rest_route=\/wp\/v2\/types\/page"}],"author":[{"embeddable":true,"href":"https:\/\/www.vss-sezana.si\/index.php?rest_route=\/wp\/v2\/users\/4"}],"replies":[{"embeddable":true,"href":"https:\/\/www.vss-sezana.si\/index.php?rest_route=%2Fwp%2Fv2%2Fcomments&post=10282"}],"version-history":[{"count":6,"href":"https:\/\/www.vss-sezana.si\/index.php?rest_route=\/wp\/v2\/pages\/10282\/revisions"}],"predecessor-version":[{"id":10336,"href":"https:\/\/www.vss-sezana.si\/index.php?rest_route=\/wp\/v2\/pages\/10282\/revisions\/10336"}],"up":[{"embeddable":true,"href":"https:\/\/www.vss-sezana.si\/index.php?rest_route=\/wp\/v2\/pages\/7203"}],"wp:attachment":[{"href":"https:\/\/www.vss-sezana.si\/index.php?rest_route=%2Fwp%2Fv2%2Fmedia&parent=10282"}],"curies":[{"name":"wp","href":"https:\/\/api.w.org\/{rel}","templated":true}]}}